test common factor of 1322957 and 4012?
1003
Calculate the greatest common divisor of 24 and 35294712.
24
Calculate the highest common factor of 30 and 320010.
30
What is the highest common factor of 5929 and 1089?
121
Calculate the highest common factor of 7467 and 24377.
19
Calculate the greatest common factor of 14097 and 2667.
381
What is the greatest common factor of 3185 and 13975?
65
Calculate the greatest common divisor of 164 and 370558.
82
Calculate the greatest common divisor of 436 and 2468.
4
What is the greatest common factor of 13312 and 16094?
26
Calculate the highest common divisor of 12 and 234372.
12
What is the highest common divisor of 48952 and 4640?
232
What is the highest common factor of 144 and 574?
2
What is the highest common factor of 5906260 and 20?
20
What is the greatest common factor of 154650 and 150?
150
Calculate the greatest common factor of 104669 and 21573.
799
Calculate the highest common factor of 1680 and 583968.
336
Calculate the greatest common factor of 1720 and 5304.
8
What is the highest common factor of 39717 and 513?
27
Calculate the highest common divisor of 12407544 and 18.
18
Calculate the highest common divisor of 5525 and 156.
13
What is the highest common divisor of 26030 and 5092?
38
Calculate the highest common divisor of 903 and 375.
3
Calculate the greatest common factor of 179 and 264025.
179
Calculate the highest common divisor of 34043 and 59.
59
Calculate the highest common factor of 83 and 1993.
1
Calculate the greatest common divisor of 203 and 679.
7
What is the highest common divisor of 51 and 8013?
3
What is the greatest common divisor of 15563 and 79?
79
What is the greatest common divisor of 56057 and 145?
29
What is the highest common divisor of 3959 and 69671?
37
Calculate the highest common factor of 552 and 2460.
12
What is the greatest common divisor of 368 and 23448?
8
What is the highest common divisor of 34719 and 1917?
213
What is the greatest common divisor of 88 and 165208?
8
Calculate the highest common factor of 9142 and 41792.
1306
Calculate the greatest common factor of 46 and 20861.
23
Calculate the highest common divisor of 110106 and 459.
27
What is the greatest common divisor of 3 and 54893?
1
What is the greatest common divisor of 325 and 190229?
13
What is the greatest common factor of 497443 and 107?
107
Calculate the highest common factor of 32 and 12704.
32
What is the highest common factor of 43 and 52847?
43
Calculate the greatest common divisor of 138402 and 33.
33
Calculate the highest common divisor of 7 and 48952.
1
Calculate the greatest common factor of 1201674 and 6858.
762
What is the highest common divisor of 16 and 12404848?
16
Calculate the greatest common divisor of 4104 and 1083.
57
What is the greatest common factor of 76 and 2696062?
38
Calculate the greatest common factor of 208 and 3638024.
104
What is the greatest common factor of 820636 and 1544?
772
What is the greatest common factor of 1032 and 2538?
6
Calculate the greatest common divisor of 1248182 and 488.
122
Calculate the highest common factor of 1674 and 84723.
93
Calculate the greatest common divisor of 1269 and 5781.
141
What is the highest common divisor of 170892 and 1616?
404
What is the highest common factor of 296327 and 119?
17
What is the greatest common divisor of 1 and 38258?
1
Calculate the greatest common factor of 1086430 and 10.
10
What is the highest common divisor of 206763 and 3?
3
What is the greatest common factor of 99 and 1592208?
9
What is the greatest common factor of 7 and 2258599?
7
What is the highest common divisor of 49 and 1841?
7
Calculate the greatest common factor of 1267 and 45431.
181
Calculate the highest common divisor of 21831 and 513.
57
Calculate the highest common factor of 385 and 27104.
77
What is the greatest common factor of 24852 and 2160?
12
What is the highest common divisor of 192 and 17954?
2
What is the highest common factor of 57660 and 1440?
60
Calculate the greatest common factor of 1258 and 712546.
74
What is the greatest common divisor of 83506 and 86?
86
What is the greatest common divisor of 66 and 48774?
66
Calculate the highest common divisor of 44760 and 369.
3
What is the greatest common factor of 368 and 42044?
92
Calculate the greatest common divisor of 608 and 3040.
608
Calculate the greatest common factor of 180 and 23820.
60
Calculate the greatest common factor of 132 and 2852685.
33
What is the greatest common divisor of 61937 and 482?
241
Calculate the highest common divisor of 1797 and 1271677.
599
Calculate the greatest common divisor of 2014 and 2242.
38
Calculate the highest common factor of 2366 and 1946.
14
What is the highest common divisor of 108 and 109422?
18
What is the greatest common divisor of 258435 and 270?
45
What is the greatest common divisor of 127759 and 4267?
251
What is the greatest common factor of 229820 and 16?
4
What is the highest common divisor of 71149 and 5239?
169
Calculate the highest common factor of 4709 and 9469.
17
Calculate the greatest common divisor of 1734 and 5916.
102
What is the highest common factor of 8658 and 80586?
666
What is the greatest common divisor of 387885 and 45?
15
What is the greatest common factor of 9720 and 4080?
120
Calculate the greatest common factor of 520 and 82120.
40
Calculate the highest common divisor of 13144 and 16864.
248
Calculate the greatest common divisor of 333 and 82827.
9
What is the greatest common divisor of 975 and 106875?
75
What is the highest common factor of 566 and 260926?
566
What is the greatest common factor of 56 and 192626?
14
What is the highest common divisor of 16680 and 9470?
10
What is the greatest common factor of 1730345 and 255?
85
What is the highest common divisor of 4315766 and 23?
23
What is the highest common factor of 467002 and 206?
206
What is the greatest common divisor of 260297 and 131?
131
What is the highest common factor of 65 and 2117141?
13
What is the highest common divisor of 339 and 49720?
113
What is the highest common factor of 173621 and 217?
7
What is the greatest common divisor of 120 and 14610?
30
What is the highest common factor of 444 and 465312?
444
What is the highest common factor of 8241 and 72939?
123
What is the greatest common factor of 1080 and 53190?
270
What is the highest common factor of 21464 and 36?
4
What is the highest common factor of 20976 and 17936?
304
What is the greatest common divisor of 56 and 440503?
7
Calculate the greatest common divisor of 62 and 197749.
31
Calculate the greatest common factor of 14047 and 671.
11
What is the greatest common divisor of 476 and 22406?
34
Calculate the greatest common factor of 9926 and 434.
14
What is the highest common divisor of 576 and 2568?
24
What is the highest common factor of 168192 and 10496?
256
Calculate the greatest common factor of 42376 and 56.
8
What is the highest common factor of 585 and 6669?
117
What is the highest common factor of 16536 and 840?
24
Calculate the highest common factor of 160121 and 13.
13
Calculate the greatest common factor of 79205 and 3565.
155
What is the highest common factor of 119453 and 513?
19
Calculate the greatest common divisor of 2331 and 327117.
777
Calculate the highest common factor of 1547098 and 236.
118
What is the greatest common divisor of 61408 and 190?
38
What is the highest common divisor of 8326 and 299?
23
Calculate the highest common divisor of 2052 and 1530.
18
What is the highest common divisor of 60148 and 4884?
44
Calculate the highest common divisor of 361165 and 1785.
595
Calculate the highest common factor of 41274 and 27.
9
Calculate the greatest common factor of 4436 and 520.
4
What is the highest common factor of 1450 and 3850?
50
Calculate the greatest common divisor of 923815 and 2920.
365
Calculate the greatest common factor of 59711 and 213.
71
Calculate the highest common factor of 15 and 20095.
5
What is the greatest common divisor of 14475 and 800?
25
What is the highest common factor of 133734 and 558?
186
What is the highest common divisor of 3339 and 2212?
7
Calculate the highest common divisor of 379037 and 31.
31
Calculate the highest common divisor of 13040 and 560.
80
What is the greatest common factor of 14865 and 6825?
15
Wha